{"id":2644,"date":"2018-08-22T10:02:51","date_gmt":"2018-08-22T08:02:51","guid":{"rendered":"https:\/\/carambucoediciones.com\/en\/?post_type=product&#038;p=2644"},"modified":"2024-11-05T19:17:59","modified_gmt":"2024-11-05T18:17:59","slug":"la-peluqueria-del-senor-calabacin","status":"publish","type":"product","link":"https:\/\/carambucoediciones.com\/en\/producto\/la-peluqueria-del-senor-calabacin\/","title":{"rendered":"La peluquer\u00eda del se\u00f1or Calabac\u00edn"},"content":{"rendered":"","protected":false},"excerpt":{"rendered":"<p>In a hidden corner of the garden there is a courgette. He always wears a twenty-one-button dress and has the best-slicked-back toupee in the garden. Every night he takes scissors, a comb and a hairdryer from under a leaf and hangs the open sign on his hair salon, which is hidden behind a stone. But Mr. Courgette was fed up with criticising his clients behind their backs. A mania that would bring him many problems.<\/p>\n","protected":false},"featured_media":2645,"template":"","meta":[],"product_brand":[],"product_cat":[669,26,27],"product_tag":[506,507],"class_list":["post-2644","product","type-product","status-publish","has-post-thumbnail","product_cat-libro-4-8-anos","product_cat-infantil","product_cat-tesoros","product_tag-oriol-toro","product_tag-ricard-aranda","first","instock","taxable","shipping-taxable","purchasable","product-type-simple"],"yoast_head":"<!-- This site is optimized with the Yoast SEO plugin v28.3 - https:\/\/yoast.com\/product\/yoast-seo-wordpress\/ -->\n<title>La peluquer\u00eda del se\u00f1or Calabac\u00edn - Carambuco Ediciones<\/title>\n<meta name=\"robots\" content=\"noindex, follow, max-snippet:-1, max-image-preview:large, max-video-preview:-1\" \/>\n<meta property=\"og:locale\" content=\"en_US\" \/>\n<meta property=\"og:type\" content=\"article\" \/>\n<meta property=\"og:title\" content=\"La peluquer\u00eda del se\u00f1or Calabac\u00edn - Carambuco Ediciones\" \/>\n<meta property=\"og:description\" content=\"In a hidden corner of the garden there is a courgette. He always wears a twenty-one-button dress and has the best-slicked-back toupee in the garden. Every night he takes scissors, a comb and a hairdryer from under a leaf and hangs the open sign on his hair salon, which is hidden behind a stone. But Mr. Courgette was fed up with criticising his clients behind their backs. A mania that would bring him many problems.\" \/>\n<meta property=\"og:url\" content=\"https:\/\/carambucoediciones.com\/en\/producto\/la-peluqueria-del-senor-calabacin\/\" \/>\n<meta property=\"og:site_name\" content=\"Carambuco Ediciones\" \/>\n<meta property=\"article:publisher\" content=\"https:\/\/www.facebook.com\/editorialcarambuco\/\" \/>\n<meta property=\"article:modified_time\" content=\"2024-11-05T18:17:59+00:00\" \/>\n<meta property=\"og:image\" content=\"https:\/\/carambucoediciones.com\/en\/wp-content\/uploads\/2018\/08\/02-La_peluqueria_del_sen\u0303or_calabazin.jpg\" \/>\n\t<meta property=\"og:image:width\" content=\"299\" \/>\n\t<meta property=\"og:image:height\" content=\"300\" \/>\n\t<meta property=\"og:image:type\" content=\"image\/jpeg\" \/>\n<meta name=\"twitter:card\" content=\"summary_large_image\" \/>\n<meta name=\"twitter:site\" content=\"@carambucolibros\" \/>\n<meta name=\"twitter:label1\" content=\"Est. reading time\" \/>\n\t<meta name=\"twitter:data1\" content=\"1 minute\" \/>\n<script type=\"application\/ld+json\" class=\"yoast-schema-graph\">{\"@context\":\"https:\\\/\\\/schema.org\",\"@graph\":[{\"@type\":\"WebPage\",\"@id\":\"https:\\\/\\\/carambucoediciones.com\\\/en\\\/producto\\\/la-peluqueria-del-senor-calabacin\\\/\",\"url\":\"https:\\\/\\\/carambucoediciones.com\\\/en\\\/producto\\\/la-peluqueria-del-senor-calabacin\\\/\",\"name\":\"La peluquer\u00eda del se\u00f1or Calabac\u00edn - Carambuco Ediciones\",\"isPartOf\":{\"@id\":\"https:\\\/\\\/carambucoediciones.com\\\/en\\\/#website\"},\"primaryImageOfPage\":{\"@id\":\"https:\\\/\\\/carambucoediciones.com\\\/en\\\/producto\\\/la-peluqueria-del-senor-calabacin\\\/#primaryimage\"},\"image\":{\"@id\":\"https:\\\/\\\/carambucoediciones.com\\\/en\\\/producto\\\/la-peluqueria-del-senor-calabacin\\\/#primaryimage\"},\"thumbnailUrl\":\"https:\\\/\\\/carambucoediciones.com\\\/en\\\/wp-content\\\/uploads\\\/2018\\\/08\\\/02-La_peluqueria_del_sen\u0303or_calabazin.jpg\",\"datePublished\":\"2018-08-22T08:02:51+00:00\",\"dateModified\":\"2024-11-05T18:17:59+00:00\",\"breadcrumb\":{\"@id\":\"https:\\\/\\\/carambucoediciones.com\\\/en\\\/producto\\\/la-peluqueria-del-senor-calabacin\\\/#breadcrumb\"},\"inLanguage\":\"en-US\",\"potentialAction\":[{\"@type\":\"ReadAction\",\"target\":[\"https:\\\/\\\/carambucoediciones.com\\\/en\\\/producto\\\/la-peluqueria-del-senor-calabacin\\\/\"]}]},{\"@type\":\"ImageObject\",\"inLanguage\":\"en-US\",\"@id\":\"https:\\\/\\\/carambucoediciones.com\\\/en\\\/producto\\\/la-peluqueria-del-senor-calabacin\\\/#primaryimage\",\"url\":\"https:\\\/\\\/carambucoediciones.com\\\/en\\\/wp-content\\\/uploads\\\/2018\\\/08\\\/02-La_peluqueria_del_sen\u0303or_calabazin.jpg\",\"contentUrl\":\"https:\\\/\\\/carambucoediciones.com\\\/en\\\/wp-content\\\/uploads\\\/2018\\\/08\\\/02-La_peluqueria_del_sen\u0303or_calabazin.jpg\",\"width\":299,\"height\":300},{\"@type\":\"BreadcrumbList\",\"@id\":\"https:\\\/\\\/carambucoediciones.com\\\/en\\\/producto\\\/la-peluqueria-del-senor-calabacin\\\/#breadcrumb\",\"itemListElement\":[{\"@type\":\"ListItem\",\"position\":1,\"name\":\"Inici\",\"item\":\"https:\\\/\\\/carambucoediciones.com\\\/en\\\/\"},{\"@type\":\"ListItem\",\"position\":2,\"name\":\"Shop\",\"item\":\"https:\\\/\\\/carambucoediciones.com\\\/en\\\/botiga\\\/\"},{\"@type\":\"ListItem\",\"position\":3,\"name\":\"La peluquer\u00eda del se\u00f1or Calabac\u00edn\"}]},{\"@type\":\"WebSite\",\"@id\":\"https:\\\/\\\/carambucoediciones.com\\\/en\\\/#website\",\"url\":\"https:\\\/\\\/carambucoediciones.com\\\/en\\\/\",\"name\":\"El Cep i La Nansa\",\"description\":\"La web de Carambuco Ediciones\",\"publisher\":{\"@id\":\"https:\\\/\\\/carambucoediciones.com\\\/en\\\/#organization\"},\"potentialAction\":[{\"@type\":\"SearchAction\",\"target\":{\"@type\":\"EntryPoint\",\"urlTemplate\":\"https:\\\/\\\/carambucoediciones.com\\\/en\\\/?s={search_term_string}\"},\"query-input\":{\"@type\":\"PropertyValueSpecification\",\"valueRequired\":true,\"valueName\":\"search_term_string\"}}],\"inLanguage\":\"en-US\"},{\"@type\":\"Organization\",\"@id\":\"https:\\\/\\\/carambucoediciones.com\\\/en\\\/#organization\",\"name\":\"El Cep i la Nansa\",\"url\":\"https:\\\/\\\/carambucoediciones.com\\\/en\\\/\",\"logo\":{\"@type\":\"ImageObject\",\"inLanguage\":\"en-US\",\"@id\":\"https:\\\/\\\/carambucoediciones.com\\\/en\\\/#\\\/schema\\\/logo\\\/image\\\/\",\"url\":\"https:\\\/\\\/carambucoediciones.com\\\/wp-content\\\/uploads\\\/2017\\\/11\\\/unnamed-1.png\",\"contentUrl\":\"https:\\\/\\\/carambucoediciones.com\\\/wp-content\\\/uploads\\\/2017\\\/11\\\/unnamed-1.png\",\"width\":600,\"height\":262,\"caption\":\"El Cep i la Nansa\"},\"image\":{\"@id\":\"https:\\\/\\\/carambucoediciones.com\\\/en\\\/#\\\/schema\\\/logo\\\/image\\\/\"},\"sameAs\":[\"https:\\\/\\\/www.facebook.com\\\/editorialcarambuco\\\/\",\"https:\\\/\\\/x.com\\\/carambucolibros\",\"https:\\\/\\\/www.instagram.com\\\/carambucoediciones\\\/\",\"https:\\\/\\\/youtube.com\\\/c\\\/carambucoediciones\"]}]}<\/script>\n<!-- \/ Yoast SEO plugin. -->","yoast_head_json":{"title":"La peluquer\u00eda del se\u00f1or Calabac\u00edn - Carambuco Ediciones","robots":{"index":"noindex","follow":"follow","max-snippet":"max-snippet:-1","max-image-preview":"max-image-preview:large","max-video-preview":"max-video-preview:-1"},"og_locale":"en_US","og_type":"article","og_title":"La peluquer\u00eda del se\u00f1or Calabac\u00edn - Carambuco Ediciones","og_description":"In a hidden corner of the garden there is a courgette. He always wears a twenty-one-button dress and has the best-slicked-back toupee in the garden. Every night he takes scissors, a comb and a hairdryer from under a leaf and hangs the open sign on his hair salon, which is hidden behind a stone. But Mr. Courgette was fed up with criticising his clients behind their backs. A mania that would bring him many problems.","og_url":"https:\/\/carambucoediciones.com\/en\/producto\/la-peluqueria-del-senor-calabacin\/","og_site_name":"Carambuco Ediciones","article_publisher":"https:\/\/www.facebook.com\/editorialcarambuco\/","article_modified_time":"2024-11-05T18:17:59+00:00","og_image":[{"width":299,"height":300,"url":"https:\/\/carambucoediciones.com\/en\/wp-content\/uploads\/2018\/08\/02-La_peluqueria_del_sen\u0303or_calabazin.jpg","type":"image\/jpeg"}],"twitter_card":"summary_large_image","twitter_site":"@carambucolibros","twitter_misc":{"Est. reading time":"1 minute"},"schema":{"@context":"https:\/\/schema.org","@graph":[{"@type":"WebPage","@id":"https:\/\/carambucoediciones.com\/en\/producto\/la-peluqueria-del-senor-calabacin\/","url":"https:\/\/carambucoediciones.com\/en\/producto\/la-peluqueria-del-senor-calabacin\/","name":"La peluquer\u00eda del se\u00f1or Calabac\u00edn - Carambuco Ediciones","isPartOf":{"@id":"https:\/\/carambucoediciones.com\/en\/#website"},"primaryImageOfPage":{"@id":"https:\/\/carambucoediciones.com\/en\/producto\/la-peluqueria-del-senor-calabacin\/#primaryimage"},"image":{"@id":"https:\/\/carambucoediciones.com\/en\/producto\/la-peluqueria-del-senor-calabacin\/#primaryimage"},"thumbnailUrl":"https:\/\/carambucoediciones.com\/en\/wp-content\/uploads\/2018\/08\/02-La_peluqueria_del_sen\u0303or_calabazin.jpg","datePublished":"2018-08-22T08:02:51+00:00","dateModified":"2024-11-05T18:17:59+00:00","breadcrumb":{"@id":"https:\/\/carambucoediciones.com\/en\/producto\/la-peluqueria-del-senor-calabacin\/#breadcrumb"},"inLanguage":"en-US","potentialAction":[{"@type":"ReadAction","target":["https:\/\/carambucoediciones.com\/en\/producto\/la-peluqueria-del-senor-calabacin\/"]}]},{"@type":"ImageObject","inLanguage":"en-US","@id":"https:\/\/carambucoediciones.com\/en\/producto\/la-peluqueria-del-senor-calabacin\/#primaryimage","url":"https:\/\/carambucoediciones.com\/en\/wp-content\/uploads\/2018\/08\/02-La_peluqueria_del_sen\u0303or_calabazin.jpg","contentUrl":"https:\/\/carambucoediciones.com\/en\/wp-content\/uploads\/2018\/08\/02-La_peluqueria_del_sen\u0303or_calabazin.jpg","width":299,"height":300},{"@type":"BreadcrumbList","@id":"https:\/\/carambucoediciones.com\/en\/producto\/la-peluqueria-del-senor-calabacin\/#breadcrumb","itemListElement":[{"@type":"ListItem","position":1,"name":"Inici","item":"https:\/\/carambucoediciones.com\/en\/"},{"@type":"ListItem","position":2,"name":"Shop","item":"https:\/\/carambucoediciones.com\/en\/botiga\/"},{"@type":"ListItem","position":3,"name":"La peluquer\u00eda del se\u00f1or Calabac\u00edn"}]},{"@type":"WebSite","@id":"https:\/\/carambucoediciones.com\/en\/#website","url":"https:\/\/carambucoediciones.com\/en\/","name":"El Cep i La Nansa","description":"La web de Carambuco Ediciones","publisher":{"@id":"https:\/\/carambucoediciones.com\/en\/#organization"},"potentialAction":[{"@type":"SearchAction","target":{"@type":"EntryPoint","urlTemplate":"https:\/\/carambucoediciones.com\/en\/?s={search_term_string}"},"query-input":{"@type":"PropertyValueSpecification","valueRequired":true,"valueName":"search_term_string"}}],"inLanguage":"en-US"},{"@type":"Organization","@id":"https:\/\/carambucoediciones.com\/en\/#organization","name":"El Cep i la Nansa","url":"https:\/\/carambucoediciones.com\/en\/","logo":{"@type":"ImageObject","inLanguage":"en-US","@id":"https:\/\/carambucoediciones.com\/en\/#\/schema\/logo\/image\/","url":"https:\/\/carambucoediciones.com\/wp-content\/uploads\/2017\/11\/unnamed-1.png","contentUrl":"https:\/\/carambucoediciones.com\/wp-content\/uploads\/2017\/11\/unnamed-1.png","width":600,"height":262,"caption":"El Cep i la Nansa"},"image":{"@id":"https:\/\/carambucoediciones.com\/en\/#\/schema\/logo\/image\/"},"sameAs":["https:\/\/www.facebook.com\/editorialcarambuco\/","https:\/\/x.com\/carambucolibros","https:\/\/www.instagram.com\/carambucoediciones\/","https:\/\/youtube.com\/c\/carambucoediciones"]}]}},"_links":{"self":[{"href":"https:\/\/carambucoediciones.com\/en\/wp-json\/wp\/v2\/product\/2644","targetHints":{"allow":["GET"]}}],"collection":[{"href":"https:\/\/carambucoediciones.com\/en\/wp-json\/wp\/v2\/product"}],"about":[{"href":"https:\/\/carambucoediciones.com\/en\/wp-json\/wp\/v2\/types\/product"}],"wp:featuredmedia":[{"embeddable":true,"href":"https:\/\/carambucoediciones.com\/en\/wp-json\/wp\/v2\/media\/2645"}],"wp:attachment":[{"href":"https:\/\/carambucoediciones.com\/en\/wp-json\/wp\/v2\/media?parent=2644"}],"wp:term":[{"taxonomy":"product_brand","embeddable":true,"href":"https:\/\/carambucoediciones.com\/en\/wp-json\/wp\/v2\/product_brand?post=2644"},{"taxonomy":"product_cat","embeddable":true,"href":"https:\/\/carambucoediciones.com\/en\/wp-json\/wp\/v2\/product_cat?post=2644"},{"taxonomy":"product_tag","embeddable":true,"href":"https:\/\/carambucoediciones.com\/en\/wp-json\/wp\/v2\/product_tag?post=2644"}],"curies":[{"name":"wp","href":"https:\/\/api.w.org\/{rel}","templated":true}]}}

La peluquería del señor Calabacín

<!-- This site is optimized with the Yoast SEO plugin v28.3 - https://yoast.com/product/yoast-seo-wordpress/ -->
<title>La peluquería del señor Calabacín - Carambuco Ediciones</title>
<meta name="robots" content="noindex, follow, max-snippet:-1, max-image-preview:large, max-video-preview:-1" />
<meta property="og:locale" content="en_US" />
<meta property="og:type" content="article" />
<meta property="og:title" content="La peluquería del señor Calabacín - Carambuco Ediciones" />
<meta property="og:description" content="In a hidden corner of the garden there is a courgette. He always wears a twenty-one-button dress and has the best-slicked-back toupee in the garden. Every night he takes scissors, a comb and a hairdryer from under a leaf and hangs the open sign on his hair salon, which is hidden behind a stone. But Mr. Courgette was fed up with criticising his clients behind their backs. A mania that would bring him many problems." />
<meta property="og:url" content="https://carambucoediciones.com/en/producto/la-peluqueria-del-senor-calabacin/" />
<meta property="og:site_name" content="Carambuco Ediciones" />
<meta property="article:publisher" content="https://www.facebook.com/editorialcarambuco/" />
<meta property="article:modified_time" content="2024-11-05T18:17:59+00:00" />
<meta property="og:image" content="https://carambucoediciones.com/en/wp-content/uploads/2018/08/02-La_peluqueria_del_señor_calabazin.jpg" />
	<meta property="og:image:width" content="299" />
	<meta property="og:image:height" content="300" />
	<meta property="og:image:type" content="image/jpeg" />
<meta name="twitter:card" content="summary_large_image" />
<meta name="twitter:site" content="@carambucolibros" />
<meta name="twitter:label1" content="Est. reading time" />
	<meta name="twitter:data1" content="1 minute" />
<script type="application/ld+json" class="yoast-schema-graph">{"@context":"https:\/\/schema.org","@graph":[{"@type":"WebPage","@id":"https:\/\/carambucoediciones.com\/en\/producto\/la-peluqueria-del-senor-calabacin\/","url":"https:\/\/carambucoediciones.com\/en\/producto\/la-peluqueria-del-senor-calabacin\/","name":"La peluquería del señor Calabacín - Carambuco Ediciones","isPartOf":{"@id":"https:\/\/carambucoediciones.com\/en\/#website"},"primaryImageOfPage":{"@id":"https:\/\/carambucoediciones.com\/en\/producto\/la-peluqueria-del-senor-calabacin\/#primaryimage"},"image":{"@id":"https:\/\/carambucoediciones.com\/en\/producto\/la-peluqueria-del-senor-calabacin\/#primaryimage"},"thumbnailUrl":"https:\/\/carambucoediciones.com\/en\/wp-content\/uploads\/2018\/08\/02-La_peluqueria_del_señor_calabazin.jpg","datePublished":"2018-08-22T08:02:51+00:00","dateModified":"2024-11-05T18:17:59+00:00","breadcrumb":{"@id":"https:\/\/carambucoediciones.com\/en\/producto\/la-peluqueria-del-senor-calabacin\/#breadcrumb"},"inLanguage":"en-US","potentialAction":[{"@type":"ReadAction","target":["https:\/\/carambucoediciones.com\/en\/producto\/la-peluqueria-del-senor-calabacin\/"]}]},{"@type":"ImageObject","inLanguage":"en-US","@id":"https:\/\/carambucoediciones.com\/en\/producto\/la-peluqueria-del-senor-calabacin\/#primaryimage","url":"https:\/\/carambucoediciones.com\/en\/wp-content\/uploads\/2018\/08\/02-La_peluqueria_del_señor_calabazin.jpg","contentUrl":"https:\/\/carambucoediciones.com\/en\/wp-content\/uploads\/2018\/08\/02-La_peluqueria_del_señor_calabazin.jpg","width":299,"height":300},{"@type":"BreadcrumbList","@id":"https:\/\/carambucoediciones.com\/en\/producto\/la-peluqueria-del-senor-calabacin\/#breadcrumb","itemListElement":[{"@type":"ListItem","position":1,"name":"Inici","item":"https:\/\/carambucoediciones.com\/en\/"},{"@type":"ListItem","position":2,"name":"Shop","item":"https:\/\/carambucoediciones.com\/en\/botiga\/"},{"@type":"ListItem","position":3,"name":"La peluquería del señor Calabacín"}]},{"@type":"WebSite","@id":"https:\/\/carambucoediciones.com\/en\/#website","url":"https:\/\/carambucoediciones.com\/en\/","name":"El Cep i La Nansa","description":"La web de Carambuco Ediciones","publisher":{"@id":"https:\/\/carambucoediciones.com\/en\/#organization"},"potentialAction":[{"@type":"SearchAction","target":{"@type":"EntryPoint","urlTemplate":"https:\/\/carambucoediciones.com\/en\/?s={search_term_string}"},"query-input":{"@type":"PropertyValueSpecification","valueRequired":true,"valueName":"search_term_string"}}],"inLanguage":"en-US"},{"@type":"Organization","@id":"https:\/\/carambucoediciones.com\/en\/#organization","name":"El Cep i la Nansa","url":"https:\/\/carambucoediciones.com\/en\/","logo":{"@type":"ImageObject","inLanguage":"en-US","@id":"https:\/\/carambucoediciones.com\/en\/#\/schema\/logo\/image\/","url":"https:\/\/carambucoediciones.com\/wp-content\/uploads\/2017\/11\/unnamed-1.png","contentUrl":"https:\/\/carambucoediciones.com\/wp-content\/uploads\/2017\/11\/unnamed-1.png","width":600,"height":262,"caption":"El Cep i la Nansa"},"image":{"@id":"https:\/\/carambucoediciones.com\/en\/#\/schema\/logo\/image\/"},"sameAs":["https:\/\/www.facebook.com\/editorialcarambuco\/","https:\/\/x.com\/carambucolibros","https:\/\/www.instagram.com\/carambucoediciones\/","https:\/\/youtube.com\/c\/carambucoediciones"]}]}</script>
<!-- / Yoast SEO plugin. -->

La peluquería del señor Calabacín - Carambuco Ediciones
